{"id":1105,"date":"2015-09-10T14:44:20","date_gmt":"2015-09-10T14:44:20","guid":{"rendered":"http:\/\/www.cge-ra.org\/2015\/?page_id=1105"},"modified":"2015-10-27T17:51:00","modified_gmt":"2015-10-27T17:51:00","slug":"asesoramiento-legal-en-propiedad-industrial-e-intelectual","status":"publish","type":"page","link":"https:\/\/www.cge-ra.org\/V16\/asesoramiento-legal-en-propiedad-industrial-e-intelectual\/","title":{"rendered":"Asesoramiento legal en Propiedad Industrial e Intelectual"},"content":{"rendered":"<p style=\"text-align: center;\"><strong><em>Marcas y Dominios de Internet<\/em><\/strong><\/p>\n<p style=\"text-align: center;\"><a href=\"http:\/\/www.cge-ra.org\/V16\/wp-content\/uploads\/2015\/09\/legizamon.jpg\"><img decoding=\"async\" loading=\"lazy\" class=\"alignnone wp-image-1106 size-full\" src=\"http:\/\/www.cge-ra.org\/V16\/wp-content\/uploads\/2015\/09\/legizamon.jpg\" alt=\"legizamon\" width=\"231\" height=\"112\" \/><\/a><\/p>\n<p>Desde la Confederaci\u00f3n General Empresaria (CGERA) les brindamos a nuestros asociados la posibilidad de acceder a un asesoramiento en materia de propiedad industrial e intelectual a partir del convenio establecido con el Estudio de Abogados <strong>Leguizamon Pondal &amp; Asoc.<\/strong><\/p>\n<p>El Estudio se especializa preferentemente a la protecci\u00f3n jur\u00eddica referente a marcas y dominios de internet; registro de marcas a nivel nacional e internacional; custodia de la marca registrada y defensa judicial y extrajudicial de las mismas; desarrollo de contratos de licencias de marcas; y recuperaci\u00f3n de dominios de internet.<\/p>\n<p>Es fundamental el registro de la marca de una empresa debido a que a trav\u00e9s de ella uno posee el derecho exclusivo de uso y puede impedir que terceros utilicen una marca id\u00e9ntica o similar para la comercializaci\u00f3n de productos y\/o servicios que generen confusi\u00f3n en el p\u00fablico consumidor.<\/p>\n<ul>\n<li>Los titulares marcarios, jurisprudencialmente, poseen el derecho a ser titulares de los dominios de internet con extensi\u00f3n .com.ar.<\/li>\n<li>La marca registrada, es un valioso activo comercial de la empresa.<\/li>\n<li>Las marcas son un instrumento de comercializaci\u00f3n, pudiendo proyectar la imagen y reputaci\u00f3n de la empresa.<\/li>\n<li>El titular de una marca registrada, puede generar ingresos adicionales, a trav\u00e9s de la licencia de la misma.<\/li>\n<li>Una marca se puede proteger a trav\u00e9s del registro, y defensa de la misma.<\/li>\n<\/ul>\n<p><strong>Para m\u00e1s informaci\u00f3n:<\/strong><\/p>\n<p><strong>Email: <\/strong><a href=\"mailto:estudio@leguizamonpondal.com\">estudio@leguizamonpondal.com<br \/>\n<\/a><strong>Tel\u00e9fono: <\/strong>(011) 6091-4578<br \/>\n<strong>Direcci\u00f3n:<\/strong> Maip\u00fa 742 PB Of. B<br \/>\n<strong>Contacto:<\/strong> Honorio M. Leguizam\u00f3n Pondal (Abogado \u2013 Agente de la Propiedad Industrial)<br \/>\n<strong>Web Site:<\/strong> <a href=\"http:\/\/www.leguizamonpondal.com\">www.leguizamonpondal.com<\/a><\/p>\n","protected":false},"excerpt":{"rendered":"<p>Marcas y Dominios de Internet Desde la Confederaci\u00f3n General Empresaria (CGERA) les brindamos a nuestros asociados la posibilidad de acceder a un asesoramiento en materia de propiedad industrial e intelectual a partir del convenio establecido con el Estudio de Abogados Leguizamon Pondal &amp; Asoc. El Estudio se especializa preferentemente a la protecci\u00f3n jur\u00eddica referente a &#8230;<\/p>\n","protected":false},"author":1,"featured_media":0,"parent":0,"menu_order":0,"comment_status":"closed","ping_status":"closed","template":"","meta":[],"_links":{"self":[{"href":"https:\/\/www.cge-ra.org\/V16\/wp-json\/wp\/v2\/pages\/1105"}],"collection":[{"href":"https:\/\/www.cge-ra.org\/V16\/wp-json\/wp\/v2\/pages"}],"about":[{"href":"https:\/\/www.cge-ra.org\/V16\/wp-json\/wp\/v2\/types\/page"}],"author":[{"embeddable":true,"href":"https:\/\/www.cge-ra.org\/V16\/wp-json\/wp\/v2\/users\/1"}],"replies":[{"embeddable":true,"href":"https:\/\/www.cge-ra.org\/V16\/wp-json\/wp\/v2\/comments?post=1105"}],"version-history":[{"count":2,"href":"https:\/\/www.cge-ra.org\/V16\/wp-json\/wp\/v2\/pages\/1105\/revisions"}],"predecessor-version":[{"id":1341,"href":"https:\/\/www.cge-ra.org\/V16\/wp-json\/wp\/v2\/pages\/1105\/revisions\/1341"}],"wp:attachment":[{"href":"https:\/\/www.cge-ra.org\/V16\/wp-json\/wp\/v2\/media?parent=1105"}],"curies":[{"name":"wp","href":"https:\/\/api.w.org\/{rel}","templated":true}]}}