{"id":1109,"date":"2015-09-10T14:46:18","date_gmt":"2015-09-10T14:46:18","guid":{"rendered":"http:\/\/www.cge-ra.org\/2015\/?page_id=1109"},"modified":"2015-09-10T14:48:23","modified_gmt":"2015-09-10T14:48:23","slug":"financiamiento-para-pymes","status":"publish","type":"page","link":"https:\/\/www.cge-ra.org\/V16\/financiamiento-para-pymes\/","title":{"rendered":"FINANCIAMIENTO PARA PYMES"},"content":{"rendered":"<p>Recibimos las ideas y proyectos para orientarlos en la obtenci\u00f3n del programa que mejor se adapte a la necesidad y la realidad de la empresa. Gracias a nuestra vinculaci\u00f3n con los organismos p\u00fablicos de cr\u00e9dito contamos con la informaci\u00f3n m\u00e1s actualizada sobre las herramientas disponibles para ayudar a que cada pyme pueda acceder al financiamiento mas competitivo.<\/p>\n<p>&nbsp;<\/p>\n","protected":false},"excerpt":{"rendered":"<p>Recibimos las ideas y proyectos para orientarlos en la obtenci\u00f3n del programa que mejor se adapte a la necesidad y la realidad de la empresa. Gracias a nuestra vinculaci\u00f3n con los organismos p\u00fablicos de cr\u00e9dito contamos con la informaci\u00f3n m\u00e1s actualizada sobre las herramientas disponibles para ayudar a que cada pyme pueda acceder al financiamiento &#8230;<\/p>\n","protected":false},"author":1,"featured_media":0,"parent":0,"menu_order":0,"comment_status":"closed","ping_status":"closed","template":"","meta":[],"_links":{"self":[{"href":"https:\/\/www.cge-ra.org\/V16\/wp-json\/wp\/v2\/pages\/1109"}],"collection":[{"href":"https:\/\/www.cge-ra.org\/V16\/wp-json\/wp\/v2\/pages"}],"about":[{"href":"https:\/\/www.cge-ra.org\/V16\/wp-json\/wp\/v2\/types\/page"}],"author":[{"embeddable":true,"href":"https:\/\/www.cge-ra.org\/V16\/wp-json\/wp\/v2\/users\/1"}],"replies":[{"embeddable":true,"href":"https:\/\/www.cge-ra.org\/V16\/wp-json\/wp\/v2\/comments?post=1109"}],"version-history":[{"count":2,"href":"https:\/\/www.cge-ra.org\/V16\/wp-json\/wp\/v2\/pages\/1109\/revisions"}],"predecessor-version":[{"id":1117,"href":"https:\/\/www.cge-ra.org\/V16\/wp-json\/wp\/v2\/pages\/1109\/revisions\/1117"}],"wp:attachment":[{"href":"https:\/\/www.cge-ra.org\/V16\/wp-json\/wp\/v2\/media?parent=1109"}],"curies":[{"name":"wp","href":"https:\/\/api.w.org\/{rel}","templated":true}]}}